rs of 475302992?
2, 2137, 13901
List the prime factors of 238293371.
1327, 179573
What are the prime factors of 4824135?
3, 5, 23, 59, 79
What are the prime factors of 21167936?
2, 330749
What are the prime factors of 240494159?
47, 5116897
List the prime factors of 56155265.
5, 271, 41443
What are the prime factors of 73426199?
7, 11, 83, 11489
List the prime factors of 65119647.
3, 23, 943763
What are the prime factors of 586486406?
2, 11, 619, 43067
List the prime factors of 260763453.
3, 2683, 10799
What are the prime factors of 180021818?
2, 257, 350237
List the prime factors of 41974752.
2, 3, 437237
List the prime factors of 522357484.
2, 11, 1079251
List the prime factors of 1061717.
1061717
What are the prime factors of 142586611?
1459, 97729
List the prime factors of 136641611.
89, 1535299
List the prime factors of 209109261.
3, 23, 103, 29423
What are the prime factors of 52082414?
2, 26041207
List the prime factors of 298940032.
2, 97, 24077
List the prime factors of 1214108710.
2, 5, 121410871
What are the prime factors of 1682793037?
149, 11293913
List the prime factors of 65834300.
2, 5, 7, 94049
List the prime factors of 30160323.
3, 47, 23767
What are the prime factors of 461965725?
3, 5, 13, 12149
What are the prime factors of 74544462?
2, 3, 71, 6481
What are the prime factors of 24228391?
11, 31, 227, 313
What are the prime factors of 1189938971?
13, 23, 306133
List the prime factors of 2070735418.
2, 353, 1303, 2251
List the prime factors of 50339168.
2, 11, 83, 1723
List the prime factors of 1065524766.
2, 3, 177587461
What are the prime factors of 1070489160?
2, 3, 5, 13, 228737
What are the prime factors of 7014517?
23, 304979
What are the prime factors of 38236197?
3, 12745399
List the prime factors of 889926533.
2897, 307189
List the prime factors of 66344400.
2, 3, 5, 6143
List the prime factors of 234571206.
2, 3, 167, 234103
List the prime factors of 220073024.
2, 17, 67, 3019
What are the prime factors of 6379273?
31, 205783
What are the prime factors of 990289192?
2, 123786149
What are the prime factors of 501575604?
2, 3, 19, 2199893
List the prime factors of 223540722.
2, 3, 61, 22621
List the prime factors of 1066938424.
2, 139, 959477
What are the prime factors of 1150516480?
2, 5, 17, 37, 1429
What are the prime factors of 1549242872?
2, 29, 43, 97, 1601
What are the prime factors of 496072117?
419, 1183943
List the prime factors of 174326041.
17, 10254473
What are the prime factors of 24966591?
3, 13, 17, 37657
List the prime factors of 384728036.
2, 7, 11, 19, 29, 2267
What are the prime factors of 1085108973?
3, 13, 23, 1209709
What are the prime factors of 20007061?
20007061
List the prime factors of 2085229320.
2, 3, 5, 1889, 9199
What are the prime factors of 1897718862?
2, 3, 13, 167, 145687
What are the prime factors of 107451543?
3, 17, 263, 8011
List the prime factors of 144491733.
3, 2393, 6709
List the prime factors of 3279518340.
2, 3, 5, 7, 2447, 3191
List the prime factors of 117809682.
2, 3, 2549, 7703
What are the prime factors of 181853574?
2, 3, 7, 4329847
List the prime factors of 704344223.
11, 73, 257, 3413
List the prime factors of 329695562.
2, 7, 19, 1239457
List the prime factors of 398055501.
3, 3061, 14449
List the prime factors of 140501785.
5, 103, 149, 1831
List the prime factors of 1144341341.
11, 13, 199, 40213
What are the prime factors of 4886356996?
2, 19, 64294171
List the prime factors of 4676722201.
701, 6671501
List the prime factors of 1452986861.
1373, 1058257
List the prime factors of 3105701709.
3, 11, 173, 544001
What are the prime factors of 7617726?
2, 3, 59, 797
List the prime factors of 114894431.
317, 362443
List the prime factors of 42881625.
3, 5, 47, 811
What are the prime factors of 46015531?
37, 1243663
List the prime factors of 18876357.
3, 2097373
List the prime factors of 1227996172.
2, 13, 23615311
What are the prime factors of 7672978?
2, 3836489
What are the prime factors of 167205965?
5, 17, 1967129
What are the prime factors of 1562641247?
1562641247
List the prime factors of 4676744926.
2, 7, 47721887
List the prime factors of 39474326.
2, 19737163
List the prime factors of 40793273.
251, 162523
List the prime factors of 859447990.
2, 5, 85944799
What are the prime factors of 138544012?
2, 34636003
What are the prime factors of 3665883572?
2, 13, 61, 1155701
What are the prime factors of 134201224?
2, 16775153
What are the prime factors of 199902907?
199902907
List the prime factors of 12914517.
3, 7, 11, 37, 1511
List the prime factors of 323142781.
13, 24857137
What are the prime factors of 119015720?
2, 5, 2975393
List the prime factors of 27809045.
5, 11, 505619
List the prime factors of 44328819.
3, 193, 76561
What are the prime factors of 3466501902?
2, 3, 23, 31, 8713
List the prime factors of 343023570.
2, 3, 5, 3811373
What are the prime factors of 45273899?
11, 757, 5437
List the prime factors of 3744030119.
137, 27328687
List the prime factors of 5685234267.
3, 1567, 1209367
List the prime factors of 3230407452.
2, 3, 31, 53, 163847
What are the prime factors of 24363282?
2, 3, 19, 213713
What are the prime factors of 151720771?
151720771
What are the prime factors of 196009636?
2, 239, 205031
What are the prime factors of 90420407?
7, 11, 631, 1861
List the prime factors of 1076437605.
3, 5, 23, 503, 6203
What are the prime factors of 1069674513?
3, 9437, 37783
List the prime factors of 38670087.
3, 17, 758237
List the prime factors of 148091978.
2, 79, 109, 8599
What are the prime factors of 1188633797?
13, 151, 269, 2251
What are the prime factors of 86026826?
2, 47, 317, 2887
What are the prime factors of 948051576?
2, 3, 1621, 8123
What are the prime factors of 543222043?
7, 13, 5969473
What are the prime factors of 1959031987?
11, 16190347
List the prime factors of 2817648019.
5527, 509797
List the prime factors of 102606041.
43, 2386187
What are the prime factors of 21936484?
2, 233, 23537
What are the prime factors of 277040157?
3, 41, 2252359
List the prime factors of 10483985.
5, 17, 123341
What are the prime factors of 569034519?
3, 189678173
List the prime factors of 30679590.
2, 3, 5, 1022653
What are the prime factors of 6478734774?
2, 3, 983, 1098463
What are the prime factors of 108620189?
151, 431, 1669
What are the prime factors of 492139554?
2, 3, 82023259
List the prime factors of 18264529.
19, 47, 113, 181
What are the prime factors of 76938089?
907, 84827
What are the prime factors of 36176777?
7, 13, 397547
List the prime factors of 58042695.
3, 5, 31, 124823
What are the prime factors of 30827964?
2, 3, 2568997
List the prime factors of 400897973.
7, 383, 149533
List the prime factors of 334148475.
3, 5, 1447, 3079
List the prime factors of 88752476.
2, 22188119
What are the prime factors of 13024308?
2, 3, 11, 98669
List the prime factors of 2061658315.
5, 37, 263, 42373
List the prime factors of 877431080.
2, 5, 191, 114847
List the prime factors of 1125634310.
2, 5, 2711, 41521
List the prime factors of 1434967832.
2, 179370979
What are the prime factors of 125240776?
2, 419, 37363
List the prime factors of 166060742.
2, 41, 2025131
List the prime factors of 143434276.
2, 35858569
List the prime factors of 676577226.
2, 3, 13, 1483, 5849
What are the prime factors of 1477741749?
3, 11, 67, 193, 3463
List the prime factors of 74858572.
2, 557, 33599
List the prime factors of 3490927544.
2, 13, 83, 2393
List the prime factors of 5607645906.
2, 3, 167, 1129, 4957
What are the prime factors of 2736809941?
107, 113, 461, 491
What are the prime factors of 556433057?
67, 2731, 3041
List the prime factors of 632588273.
632588273
List the prime factors of 167017516.
2, 199, 209821
What are the prime factors of 78953609?
7, 11279087
What are the prime factors of 9345565?
5, 1869113
What are the prime factors of 46043716?
2, 11510929
List the prime factors of 75655508.
2, 17, 1112581
List the prime factors of 35129369.
11, 797, 4007
What are the prime factors of 335216246?
2, 41, 127, 32189
What are the prime factors of 2163513102?
2, 3, 4871, 74027
List the prime factors of 2655192222.
2, 3, 31, 59, 80651
What are the prime factors of 161307640?
2, 5, 13, 179, 1733
What are the prime factors of 538764373?
7, 1567